{"id":210,"date":"2020-04-06T17:03:23","date_gmt":"2020-04-06T15:03:23","guid":{"rendered":"http:\/\/wp12907977.server-he.de\/?page_id=210"},"modified":"2026-02-08T10:14:54","modified_gmt":"2026-02-08T09:14:54","slug":"elementor-210","status":"publish","type":"page","link":"https:\/\/xn--krnerschule-rfb.de\/index.php\/elementor-210\/","title":{"rendered":"SCHULE"},"content":{"rendered":"\t\t<div data-elementor-type=\"wp-page\" data-elementor-id=\"210\" class=\"elementor elementor-210\">\n\t\t\t\t\t\t<section class=\"elementor-section elementor-top-section elementor-element elementor-element-3e96fce elementor-section-boxed elementor-section-height-default elementor-section-height-default\" data-id=\"3e96fce\" data-element_type=\"section\" data-e-type=\"section\">\n\t\t\t\t\t\t<div class=\"elementor-container elementor-column-gap-default\">\n\t\t\t\t\t<div class=\"elementor-column elementor-col-50 elementor-top-column elementor-element elementor-element-085abcb\" data-id=\"085abcb\" data-element_type=\"column\" data-e-type=\"column\">\n\t\t\t<div class=\"elementor-widget-wrap elementor-element-populated\">\n\t\t\t\t\t\t<div class=\"elementor-element elementor-element-4a752af elementor-widget elementor-widget-text-editor\" data-id=\"4a752af\" data-element_type=\"widget\" data-e-type=\"widget\" data-widget_type=\"text-editor.default\">\n\t\t\t\t<div class=\"elementor-widget-container\">\n\t\t\t\t\t\t\t\t\t<p>Die K\u00f6rnerschule ist eine vierz\u00fcgige Grundschule mit\u00a0 rund 410 Sch\u00fclerinnen und Sch\u00fclern im Herzen der Stadt Viersen. Unser Kollegium besteht aus 33 Lehrkr\u00e4ften, drei Sonderp\u00e4dagoginnen (Lernen, Geistige Entwicklung), einer\u00a0 Sozialp\u00e4dagogin f\u00fcr die Schuleingangsphase, einer MPT-Kraft, zwei Schulsozialarbeiterinnen und zwei Alltagshelferinnen.<\/p><p>Die Klassen der Schuleingangsphase (1. und 2. Schuljahr) sind im Nebengeb\u00e4ude (Klostergeb\u00e4ude) untergebracht, in dem sich auch die Betreuungsma\u00dfnahmen befinden. Die 3. Schuljahre haben ihre Klassenr\u00e4ume im Hauptgeb\u00e4ude (K\u00f6rnergeb\u00e4ude). Dort befindet sich neben dem Sekretariat auch unsere Aula, die f\u00fcr viele Aktivit\u00e4ten und innovativen bzw. kreativen Unterricht zur Verf\u00fcgung steht. Die Klassenr\u00e4ume der 4. Schuljahre befinden sich aktuell in unserem Drittgeb\u00e4ude, in der auch die meisten OGS-Gruppen ihren Raum haben.<\/p><p>Die Geb\u00e4ude der K\u00f6rnerschule haben eine mehr als 100-j\u00e4hrige Schultradition, waren fr\u00fcher zwei getrennte Schulen (Klosterschule nur f\u00fcr M\u00e4dchen; K\u00f6rnerschule = Knabenschule).<\/p><p>Auf unserem gepflegten Spielschulhof befindet sich unsere eigene Turnhalle, die uns weite Wege zum Sportunterricht erspart. Hinter dem Drittgeb\u00e4ude verf\u00fcgt unsere Schule \u00fcber eine gro\u00dfe Spielwiese, die unsere Sch\u00fclerinnen und Sch\u00fcler regelm\u00e4\u00dfig in den Pausen oder im Nachmittagsbereich (OGS) benutzen k\u00f6nnen.\u00a0<\/p>\t\t\t\t\t\t\t\t<\/div>\n\t\t\t\t<\/div>\n\t\t\t\t\t<\/div>\n\t\t<\/div>\n\t\t\t\t<div class=\"elementor-column elementor-col-50 elementor-top-column elementor-element elementor-element-9c34fd0\" data-id=\"9c34fd0\" data-element_type=\"column\" data-e-type=\"column\">\n\t\t\t<div class=\"elementor-widget-wrap elementor-element-populated\">\n\t\t\t\t\t\t<div class=\"elementor-element elementor-element-96a2ac2 elementor-widget elementor-widget-image\" data-id=\"96a2ac2\" data-element_type=\"widget\" data-e-type=\"widget\" data-widget_type=\"image.default\">\n\t\t\t\t<div class=\"elementor-widget-container\">\n\t\t\t\t\t\t\t\t\t\t\t\t\t\t\t<img fetchpriority=\"high\" decoding=\"async\" width=\"685\" height=\"1024\" src=\"https:\/\/xn--krnerschule-rfb.de\/wp-content\/uploads\/2020\/04\/HG-Ausschnitt-von-unten-685x1024.jpg\" class=\"attachment-large size-large wp-image-514\" alt=\"HG-Ausschnitt-von-unten\" srcset=\"https:\/\/xn--krnerschule-rfb.de\/wp-content\/uploads\/2020\/04\/HG-Ausschnitt-von-unten-685x1024.jpg 685w, https:\/\/xn--krnerschule-rfb.de\/wp-content\/uploads\/2020\/04\/HG-Ausschnitt-von-unten-201x300.jpg 201w, https:\/\/xn--krnerschule-rfb.de\/wp-content\/uploads\/2020\/04\/HG-Ausschnitt-von-unten-768x1147.jpg 768w, https:\/\/xn--krnerschule-rfb.de\/wp-content\/uploads\/2020\/04\/HG-Ausschnitt-von-unten-1028x1536.jpg 1028w, https:\/\/xn--krnerschule-rfb.de\/wp-content\/uploads\/2020\/04\/HG-Ausschnitt-von-unten-1371x2048.jpg 1371w, https:\/\/xn--krnerschule-rfb.de\/wp-content\/uploads\/2020\/04\/HG-Ausschnitt-von-unten-scaled-e1631634698900.jpg 1000w\" sizes=\"(max-width: 685px) 100vw, 685px\" \/>\t\t\t\t\t\t\t\t\t\t\t\t\t\t\t<\/div>\n\t\t\t\t<\/div>\n\t\t\t\t\t<\/div>\n\t\t<\/div>\n\t\t\t\t\t<\/div>\n\t\t<\/section>\n\t\t\t\t<\/div>\n\t\t","protected":false},"excerpt":{"rendered":"<p>Die K\u00f6rnerschule ist eine vierz\u00fcgige Grundschule mit\u00a0 rund 410 Sch\u00fclerinnen und Sch\u00fclern im Herzen der Stadt Viersen. Unser Kollegium besteht aus 33 Lehrkr\u00e4ften, drei Sonderp\u00e4dagoginnen (Lernen, Geistige Entwicklung), einer\u00a0 Sozialp\u00e4dagogin f\u00fcr die Schuleingangsphase, einer MPT-Kraft, zwei Schulsozialarbeiterinnen und zwei Alltagshelferinnen. Die Klassen der Schuleingangsphase (1. und 2. Schuljahr) sind im Nebengeb\u00e4ude (Klostergeb\u00e4ude) untergebracht, in dem [&hellip;]<\/p>\n","protected":false},"author":3,"featured_media":0,"parent":0,"menu_order":0,"comment_status":"closed","ping_status":"closed","template":"","meta":{"footnotes":""},"class_list":["post-210","page","type-page","status-publish","hentry"],"_links":{"self":[{"href":"https:\/\/xn--krnerschule-rfb.de\/index.php\/wp-json\/wp\/v2\/pages\/210","targetHints":{"allow":["GET"]}}],"collection":[{"href":"https:\/\/xn--krnerschule-rfb.de\/index.php\/wp-json\/wp\/v2\/pages"}],"about":[{"href":"https:\/\/xn--krnerschule-rfb.de\/index.php\/wp-json\/wp\/v2\/types\/page"}],"author":[{"embeddable":true,"href":"https:\/\/xn--krnerschule-rfb.de\/index.php\/wp-json\/wp\/v2\/users\/3"}],"replies":[{"embeddable":true,"href":"https:\/\/xn--krnerschule-rfb.de\/index.php\/wp-json\/wp\/v2\/comments?post=210"}],"version-history":[{"count":41,"href":"https:\/\/xn--krnerschule-rfb.de\/index.php\/wp-json\/wp\/v2\/pages\/210\/revisions"}],"predecessor-version":[{"id":3318,"href":"https:\/\/xn--krnerschule-rfb.de\/index.php\/wp-json\/wp\/v2\/pages\/210\/revisions\/3318"}],"wp:attachment":[{"href":"https:\/\/xn--krnerschule-rfb.de\/index.php\/wp-json\/wp\/v2\/media?parent=210"}],"curies":[{"name":"wp","href":"https:\/\/api.w.org\/{rel}","templated":true}]}}

<div data-elementor-type="wp-page" data-elementor-id="210" class="elementor elementor-210">
						<section class="elementor-section elementor-top-section elementor-element elementor-element-3e96fce elementor-section-boxed elementor-section-height-default elementor-section-height-default" data-id="3e96fce" data-element_type="section" data-e-type="section">
						<div class="elementor-container elementor-column-gap-default">
					<div class="elementor-column elementor-col-50 elementor-top-column elementor-element elementor-element-085abcb" data-id="085abcb" data-element_type="column" data-e-type="column">
			<div class="elementor-widget-wrap elementor-element-populated">
						<div class="elementor-element elementor-element-4a752af elementor-widget elementor-widget-text-editor" data-id="4a752af" data-element_type="widget" data-e-type="widget" data-widget_type="text-editor.default">
				<div class="elementor-widget-container">
									<p>Die Körnerschule ist eine vierzügige Grundschule mit  rund 410 Schülerinnen und Schülern im Herzen der Stadt Viersen. Unser Kollegium besteht aus 33 Lehrkräften, drei Sonderpädagoginnen (Lernen, Geistige Entwicklung), einer  Sozialpädagogin für die Schuleingangsphase, einer MPT-Kraft, zwei Schulsozialarbeiterinnen und zwei Alltagshelferinnen.</p><p>Die Klassen der Schuleingangsphase (1. und 2. Schuljahr) sind im Nebengebäude (Klostergebäude) untergebracht, in dem sich auch die Betreuungsmaßnahmen befinden. Die 3. Schuljahre haben ihre Klassenräume im Hauptgebäude (Körnergebäude). Dort befindet sich neben dem Sekretariat auch unsere Aula, die für viele Aktivitäten und innovativen bzw. kreativen Unterricht zur Verfügung steht. Die Klassenräume der 4. Schuljahre befinden sich aktuell in unserem Drittgebäude, in der auch die meisten OGS-Gruppen ihren Raum haben.</p><p>Die Gebäude der Körnerschule haben eine mehr als 100-jährige Schultradition, waren früher zwei getrennte Schulen (Klosterschule nur für Mädchen; Körnerschule = Knabenschule).</p><p>Auf unserem gepflegten Spielschulhof befindet sich unsere eigene Turnhalle, die uns weite Wege zum Sportunterricht erspart. Hinter dem Drittgebäude verfügt unsere Schule über eine große Spielwiese, die unsere Schülerinnen und Schüler regelmäßig in den Pausen oder im Nachmittagsbereich (OGS) benutzen können. </p>								</div>
				</div>
					</div>
		</div>
				<div class="elementor-column elementor-col-50 elementor-top-column elementor-element elementor-element-9c34fd0" data-id="9c34fd0" data-element_type="column" data-e-type="column">
			<div class="elementor-widget-wrap elementor-element-populated">
						<div class="elementor-element elementor-element-96a2ac2 elementor-widget elementor-widget-image" data-id="96a2ac2" data-element_type="widget" data-e-type="widget" data-widget_type="image.default">
				<div class="elementor-widget-container">
															<img fetchpriority="high" decoding="async" width="685" height="1024" src="https://xn--krnerschule-rfb.de/wp-content/uploads/2020/04/HG-Ausschnitt-von-unten-685x1024.jpg" class="attachment-large size-large wp-image-514" alt="HG-Ausschnitt-von-unten" srcset="https://xn--krnerschule-rfb.de/wp-content/uploads/2020/04/HG-Ausschnitt-von-unten-685x1024.jpg 685w, https://xn--krnerschule-rfb.de/wp-content/uploads/2020/04/HG-Ausschnitt-von-unten-201x300.jpg 201w, https://xn--krnerschule-rfb.de/wp-content/uploads/2020/04/HG-Ausschnitt-von-unten-768x1147.jpg 768w, https://xn--krnerschule-rfb.de/wp-content/uploads/2020/04/HG-Ausschnitt-von-unten-1028x1536.jpg 1028w, https://xn--krnerschule-rfb.de/wp-content/uploads/2020/04/HG-Ausschnitt-von-unten-1371x2048.jpg 1371w, https://xn--krnerschule-rfb.de/wp-content/uploads/2020/04/HG-Ausschnitt-von-unten-scaled-e1631634698900.jpg 1000w" sizes="(max-width: 685px) 100vw, 685px" />															</div>
				</div>
					</div>
		</div>
					</div>
		</section>
				</div>

<p>Die Körnerschule ist eine vierzügige Grundschule mit  rund 410 Schülerinnen und Schülern im Herzen der Stadt Viersen. Unser Kollegium besteht aus 33 Lehrkräften, drei Sonderpädagoginnen (Lernen, Geistige Entwicklung), einer  Sozialpädagogin für die Schuleingangsphase, einer MPT-Kraft, zwei Schulsozialarbeiterinnen und zwei Alltagshelferinnen. Die Klassen der Schuleingangsphase (1. und 2. Schuljahr) sind im Nebengebäude (Klostergebäude) untergebracht, in dem [&hellip;]</p>
