{"id":1393,"date":"2022-05-31T21:15:14","date_gmt":"2022-05-31T19:15:14","guid":{"rendered":"https:\/\/xn--krnerschule-rfb.de\/?page_id=1393"},"modified":"2022-08-19T19:41:09","modified_gmt":"2022-08-19T17:41:09","slug":"viersen-putzt-munter","status":"publish","type":"page","link":"https:\/\/xn--krnerschule-rfb.de\/index.php\/viersen-putzt-munter\/","title":{"rendered":"Viersen putz(t)munter"},"content":{"rendered":"\t\t<div data-elementor-type=\"wp-page\" data-elementor-id=\"1393\" class=\"elementor elementor-1393\">\n\t\t\t\t\t\t<section class=\"elementor-section elementor-top-section elementor-element elementor-element-804b5ee elementor-section-boxed elementor-section-height-default elementor-section-height-default\" data-id=\"804b5ee\" data-element_type=\"section\" data-e-type=\"section\">\n\t\t\t\t\t\t<div class=\"elementor-container elementor-column-gap-default\">\n\t\t\t\t\t<div class=\"elementor-column elementor-col-100 elementor-top-column elementor-element elementor-element-0882a6e\" data-id=\"0882a6e\" data-element_type=\"column\" data-e-type=\"column\">\n\t\t\t<div class=\"elementor-widget-wrap elementor-element-populated\">\n\t\t\t\t\t\t<div class=\"elementor-element elementor-element-fa88e3b elementor-widget elementor-widget-text-editor\" data-id=\"fa88e3b\" data-element_type=\"widget\" data-e-type=\"widget\" data-widget_type=\"text-editor.default\">\n\t\t\t\t<div class=\"elementor-widget-container\">\n\t\t\t\t\t\t\t\t\t<p>Am Samstag, 30.04.2022 haben wir, Kinder aus der Klasse 4b der K\u00f6rnerschule, die Saubermachaktion der Stadt Viersen unterst\u00fctzt. Daf\u00fcr bekamen wir die ben\u00f6tigten Arbeitsmittel, Handschuhe, M\u00fclls\u00e4cke und Greifzangen.<\/p><p>In der Umgebung unserer Schule wollten wir den M\u00fcll in der Natur, in Geb\u00fcschen, an den Stra\u00dfen und auf Wegen beseitigen. <\/p>\t\t\t\t\t\t\t\t<\/div>\n\t\t\t\t<\/div>\n\t\t\t\t\t<\/div>\n\t\t<\/div>\n\t\t\t\t\t<\/div>\n\t\t<\/section>\n\t\t\t\t<section class=\"elementor-section elementor-top-section elementor-element elementor-element-9b16076 elementor-section-boxed elementor-section-height-default elementor-section-height-default\" data-id=\"9b16076\" data-element_type=\"section\" data-e-type=\"section\">\n\t\t\t\t\t\t<div class=\"elementor-container elementor-column-gap-default\">\n\t\t\t\t\t<div class=\"elementor-column elementor-col-33 elementor-top-column elementor-element elementor-element-29138cc\" data-id=\"29138cc\" data-element_type=\"column\" data-e-type=\"column\">\n\t\t\t<div class=\"elementor-widget-wrap elementor-element-populated\">\n\t\t\t\t\t\t<div class=\"elementor-element elementor-element-5cdfa7e elementor-widget elementor-widget-image\" data-id=\"5cdfa7e\" data-element_type=\"widget\" data-e-type=\"widget\" data-widget_type=\"image.default\">\n\t\t\t\t<div class=\"elementor-widget-container\">\n\t\t\t\t\t\t\t\t\t\t\t\t\t\t\t<img fetchpriority=\"high\" decoding=\"async\" width=\"768\" height=\"576\" src=\"https:\/\/xn--krnerschule-rfb.de\/wp-content\/uploads\/2022\/05\/Bild-1-1024x768.jpg\" class=\"attachment-large size-large wp-image-1395\" alt=\"\" srcset=\"https:\/\/xn--krnerschule-rfb.de\/wp-content\/uploads\/2022\/05\/Bild-1-1024x768.jpg 1024w, https:\/\/xn--krnerschule-rfb.de\/wp-content\/uploads\/2022\/05\/Bild-1-scaled-e1654029194865-300x225.jpg 300w, https:\/\/xn--krnerschule-rfb.de\/wp-content\/uploads\/2022\/05\/Bild-1-768x576.jpg 768w, https:\/\/xn--krnerschule-rfb.de\/wp-content\/uploads\/2022\/05\/Bild-1-1536x1152.jpg 1536w, https:\/\/xn--krnerschule-rfb.de\/wp-content\/uploads\/2022\/05\/Bild-1-2048x1536.jpg 2048w, https:\/\/xn--krnerschule-rfb.de\/wp-content\/uploads\/2022\/05\/Bild-1-scaled-e1654029194865.jpg 400w\" sizes=\"(max-width: 768px) 100vw, 768px\" \/>\t\t\t\t\t\t\t\t\t\t\t\t\t\t\t<\/div>\n\t\t\t\t<\/div>\n\t\t\t\t\t<\/div>\n\t\t<\/div>\n\t\t\t\t<div class=\"elementor-column elementor-col-33 elementor-top-column elementor-element elementor-element-ff589c9\" data-id=\"ff589c9\" data-element_type=\"column\" data-e-type=\"column\">\n\t\t\t<div class=\"elementor-widget-wrap elementor-element-populated\">\n\t\t\t\t\t\t<div class=\"elementor-element elementor-element-a15d679 elementor-widget elementor-widget-image\" data-id=\"a15d679\" data-element_type=\"widget\" data-e-type=\"widget\" data-widget_type=\"image.default\">\n\t\t\t\t<div class=\"elementor-widget-container\">\n\t\t\t\t\t\t\t\t\t\t\t\t\t\t\t<img decoding=\"async\" width=\"768\" height=\"576\" src=\"https:\/\/xn--krnerschule-rfb.de\/wp-content\/uploads\/2022\/05\/Bild-2-1024x768.jpg\" class=\"attachment-large size-large wp-image-1396\" alt=\"\" srcset=\"https:\/\/xn--krnerschule-rfb.de\/wp-content\/uploads\/2022\/05\/Bild-2-1024x768.jpg 1024w, https:\/\/xn--krnerschule-rfb.de\/wp-content\/uploads\/2022\/05\/Bild-2-scaled-e1654029183184-300x225.jpg 300w, https:\/\/xn--krnerschule-rfb.de\/wp-content\/uploads\/2022\/05\/Bild-2-768x576.jpg 768w, https:\/\/xn--krnerschule-rfb.de\/wp-content\/uploads\/2022\/05\/Bild-2-1536x1152.jpg 1536w, https:\/\/xn--krnerschule-rfb.de\/wp-content\/uploads\/2022\/05\/Bild-2-2048x1536.jpg 2048w, https:\/\/xn--krnerschule-rfb.de\/wp-content\/uploads\/2022\/05\/Bild-2-scaled-e1654029183184.jpg 400w\" sizes=\"(max-width: 768px) 100vw, 768px\" \/>\t\t\t\t\t\t\t\t\t\t\t\t\t\t\t<\/div>\n\t\t\t\t<\/div>\n\t\t\t\t\t<\/div>\n\t\t<\/div>\n\t\t\t\t<div class=\"elementor-column elementor-col-33 elementor-top-column elementor-element elementor-element-eb17b07\" data-id=\"eb17b07\" data-element_type=\"column\" data-e-type=\"column\">\n\t\t\t<div class=\"elementor-widget-wrap elementor-element-populated\">\n\t\t\t\t\t\t<div class=\"elementor-element elementor-element-2462931 elementor-widget elementor-widget-image\" data-id=\"2462931\" data-element_type=\"widget\" data-e-type=\"widget\" data-widget_type=\"image.default\">\n\t\t\t\t<div class=\"elementor-widget-container\">\n\t\t\t\t\t\t\t\t\t\t\t\t\t\t\t<img decoding=\"async\" width=\"768\" height=\"576\" src=\"https:\/\/xn--krnerschule-rfb.de\/wp-content\/uploads\/2022\/05\/Bild-3-1024x768.jpg\" class=\"attachment-large size-large wp-image-1397\" alt=\"\" srcset=\"https:\/\/xn--krnerschule-rfb.de\/wp-content\/uploads\/2022\/05\/Bild-3-1024x768.jpg 1024w, https:\/\/xn--krnerschule-rfb.de\/wp-content\/uploads\/2022\/05\/Bild-3-scaled-e1654029175947-300x225.jpg 300w, https:\/\/xn--krnerschule-rfb.de\/wp-content\/uploads\/2022\/05\/Bild-3-768x576.jpg 768w, https:\/\/xn--krnerschule-rfb.de\/wp-content\/uploads\/2022\/05\/Bild-3-1536x1152.jpg 1536w, https:\/\/xn--krnerschule-rfb.de\/wp-content\/uploads\/2022\/05\/Bild-3-2048x1536.jpg 2048w, https:\/\/xn--krnerschule-rfb.de\/wp-content\/uploads\/2022\/05\/Bild-3-scaled-e1654029175947.jpg 400w\" sizes=\"(max-width: 768px) 100vw, 768px\" \/>\t\t\t\t\t\t\t\t\t\t\t\t\t\t\t<\/div>\n\t\t\t\t<\/div>\n\t\t\t\t\t<\/div>\n\t\t<\/div>\n\t\t\t\t\t<\/div>\n\t\t<\/section>\n\t\t\t\t<section class=\"elementor-section elementor-top-section elementor-element elementor-element-cf4361e elementor-section-boxed elementor-section-height-default elementor-section-height-default\" data-id=\"cf4361e\" data-element_type=\"section\" data-e-type=\"section\">\n\t\t\t\t\t\t<div class=\"elementor-container elementor-column-gap-default\">\n\t\t\t\t\t<div class=\"elementor-column elementor-col-100 elementor-top-column elementor-element elementor-element-14f5683\" data-id=\"14f5683\" data-element_type=\"column\" data-e-type=\"column\">\n\t\t\t<div class=\"elementor-widget-wrap elementor-element-populated\">\n\t\t\t\t\t\t<div class=\"elementor-element elementor-element-e34f666 elementor-widget elementor-widget-text-editor\" data-id=\"e34f666\" data-element_type=\"widget\" data-e-type=\"widget\" data-widget_type=\"text-editor.default\">\n\t\t\t\t<div class=\"elementor-widget-container\">\n\t\t\t\t\t\t\t\t\t<p>Wir wissen: M\u00fcll verschmutzt unsere Umwelt und schadet zum Beispiel unserer Luft und den Tieren.<\/p><p>Wir haben unz\u00e4hlig viele Zigarettenstummel aufgehoben. Zigarettenstummel sind besonders giftig und verunreinigen das Grundwasser und lassen Pflanzen nicht gut wachsen.<\/p><p>Und dann haben wir viele Gesichtsmasken eingesammelt, Glasflaschen, Plastikflaschen, Zigarettenschachteln, Papierabf\u00e4lle, Plastikt\u00fcten, Feuerzeuge, McDonalds T\u00fcten, McDonalds Kaffeebecher, eine Packung Tabletten, Feuchtt\u00fccher, Zeitungen, eine Rolle Klopapier, \u00a0Schrauben, Getr\u00e4nkedosen, aber auch eine verschlossene verdorbene Packung Schweinefleisch, einen Fahrradreifen und mehrere gef\u00fcllte Hundekotbeutel. Leider fanden wir auch mehrfach Glasscherben.<\/p><p>Die Gr\u00e4ser waren schon sehr hoch gewachsen und das machte das Aufsammeln schwieriger.<\/p>\t\t\t\t\t\t\t\t<\/div>\n\t\t\t\t<\/div>\n\t\t\t\t\t<\/div>\n\t\t<\/div>\n\t\t\t\t\t<\/div>\n\t\t<\/section>\n\t\t\t\t<section class=\"elementor-section elementor-top-section elementor-element elementor-element-145c188 elementor-section-boxed elementor-section-height-default elementor-section-height-default\" data-id=\"145c188\" data-element_type=\"section\" data-e-type=\"section\">\n\t\t\t\t\t\t<div class=\"elementor-container elementor-column-gap-default\">\n\t\t\t\t\t<div class=\"elementor-column elementor-col-33 elementor-top-column elementor-element elementor-element-c951495\" data-id=\"c951495\" data-element_type=\"column\" data-e-type=\"column\">\n\t\t\t<div class=\"elementor-widget-wrap elementor-element-populated\">\n\t\t\t\t\t\t<div class=\"elementor-element elementor-element-b55b4a3 elementor-widget elementor-widget-image\" data-id=\"b55b4a3\" data-element_type=\"widget\" data-e-type=\"widget\" data-widget_type=\"image.default\">\n\t\t\t\t<div class=\"elementor-widget-container\">\n\t\t\t\t\t\t\t\t\t\t\t\t\t\t\t<img loading=\"lazy\" decoding=\"async\" width=\"768\" height=\"1024\" src=\"https:\/\/xn--krnerschule-rfb.de\/wp-content\/uploads\/2022\/05\/Bild-5-768x1024.jpg\" class=\"attachment-large size-large wp-image-1399\" alt=\"\" srcset=\"https:\/\/xn--krnerschule-rfb.de\/wp-content\/uploads\/2022\/05\/Bild-5-768x1024.jpg 768w, https:\/\/xn--krnerschule-rfb.de\/wp-content\/uploads\/2022\/05\/Bild-5-scaled-e1654029155512-225x300.jpg 225w, https:\/\/xn--krnerschule-rfb.de\/wp-content\/uploads\/2022\/05\/Bild-5-1152x1536.jpg 1152w, https:\/\/xn--krnerschule-rfb.de\/wp-content\/uploads\/2022\/05\/Bild-5-1536x2048.jpg 1536w, https:\/\/xn--krnerschule-rfb.de\/wp-content\/uploads\/2022\/05\/Bild-5-scaled-e1654029155512.jpg 400w\" sizes=\"(max-width: 768px) 100vw, 768px\" \/>\t\t\t\t\t\t\t\t\t\t\t\t\t\t\t<\/div>\n\t\t\t\t<\/div>\n\t\t\t\t\t<\/div>\n\t\t<\/div>\n\t\t\t\t<div class=\"elementor-column elementor-col-33 elementor-top-column elementor-element elementor-element-a3ea86c\" data-id=\"a3ea86c\" data-element_type=\"column\" data-e-type=\"column\">\n\t\t\t<div class=\"elementor-widget-wrap elementor-element-populated\">\n\t\t\t\t\t\t<div class=\"elementor-element elementor-element-09d5cfa elementor-widget elementor-widget-image\" data-id=\"09d5cfa\" data-element_type=\"widget\" data-e-type=\"widget\" data-widget_type=\"image.default\">\n\t\t\t\t<div class=\"elementor-widget-container\">\n\t\t\t\t\t\t\t\t\t\t\t\t\t\t\t<img loading=\"lazy\" decoding=\"async\" width=\"768\" height=\"576\" src=\"https:\/\/xn--krnerschule-rfb.de\/wp-content\/uploads\/2022\/05\/Bild-4-1024x768.jpg\" class=\"attachment-large size-large wp-image-1398\" alt=\"\" srcset=\"https:\/\/xn--krnerschule-rfb.de\/wp-content\/uploads\/2022\/05\/Bild-4-1024x768.jpg 1024w, https:\/\/xn--krnerschule-rfb.de\/wp-content\/uploads\/2022\/05\/Bild-4-scaled-e1654029168976-300x225.jpg 300w, https:\/\/xn--krnerschule-rfb.de\/wp-content\/uploads\/2022\/05\/Bild-4-768x576.jpg 768w, https:\/\/xn--krnerschule-rfb.de\/wp-content\/uploads\/2022\/05\/Bild-4-1536x1152.jpg 1536w, https:\/\/xn--krnerschule-rfb.de\/wp-content\/uploads\/2022\/05\/Bild-4-2048x1536.jpg 2048w, https:\/\/xn--krnerschule-rfb.de\/wp-content\/uploads\/2022\/05\/Bild-4-scaled-e1654029168976.jpg 400w\" sizes=\"(max-width: 768px) 100vw, 768px\" \/>\t\t\t\t\t\t\t\t\t\t\t\t\t\t\t<\/div>\n\t\t\t\t<\/div>\n\t\t\t\t\t<\/div>\n\t\t<\/div>\n\t\t\t\t<div class=\"elementor-column elementor-col-33 elementor-top-column elementor-element elementor-element-cb747bb\" data-id=\"cb747bb\" data-element_type=\"column\" data-e-type=\"column\">\n\t\t\t<div class=\"elementor-widget-wrap elementor-element-populated\">\n\t\t\t\t\t\t<div class=\"elementor-element elementor-element-bed5838 elementor-widget elementor-widget-image\" data-id=\"bed5838\" data-element_type=\"widget\" data-e-type=\"widget\" data-widget_type=\"image.default\">\n\t\t\t\t<div class=\"elementor-widget-container\">\n\t\t\t\t\t\t\t\t\t\t\t\t\t\t\t<img loading=\"lazy\" decoding=\"async\" width=\"768\" height=\"1024\" src=\"https:\/\/xn--krnerschule-rfb.de\/wp-content\/uploads\/2022\/05\/Bild-6-768x1024.jpg\" class=\"attachment-large size-large wp-image-1400\" alt=\"\" srcset=\"https:\/\/xn--krnerschule-rfb.de\/wp-content\/uploads\/2022\/05\/Bild-6-768x1024.jpg 768w, https:\/\/xn--krnerschule-rfb.de\/wp-content\/uploads\/2022\/05\/Bild-6-scaled-e1654029064923-225x300.jpg 225w, https:\/\/xn--krnerschule-rfb.de\/wp-content\/uploads\/2022\/05\/Bild-6-1152x1536.jpg 1152w, https:\/\/xn--krnerschule-rfb.de\/wp-content\/uploads\/2022\/05\/Bild-6-1536x2048.jpg 1536w, https:\/\/xn--krnerschule-rfb.de\/wp-content\/uploads\/2022\/05\/Bild-6-scaled-e1654029064923.jpg 400w\" sizes=\"(max-width: 768px) 100vw, 768px\" \/>\t\t\t\t\t\t\t\t\t\t\t\t\t\t\t<\/div>\n\t\t\t\t<\/div>\n\t\t\t\t\t<\/div>\n\t\t<\/div>\n\t\t\t\t\t<\/div>\n\t\t<\/section>\n\t\t\t\t<section class=\"elementor-section elementor-top-section elementor-element elementor-element-4f9e329 elementor-section-boxed elementor-section-height-default elementor-section-height-default\" data-id=\"4f9e329\" data-element_type=\"section\" data-e-type=\"section\">\n\t\t\t\t\t\t<div class=\"elementor-container elementor-column-gap-default\">\n\t\t\t\t\t<div class=\"elementor-column elementor-col-100 elementor-top-column elementor-element elementor-element-ca5a62c\" data-id=\"ca5a62c\" data-element_type=\"column\" data-e-type=\"column\">\n\t\t\t<div class=\"elementor-widget-wrap elementor-element-populated\">\n\t\t\t\t\t\t<div class=\"elementor-element elementor-element-ce8eec9 elementor-widget elementor-widget-text-editor\" data-id=\"ce8eec9\" data-element_type=\"widget\" data-e-type=\"widget\" data-widget_type=\"text-editor.default\">\n\t\t\t\t<div class=\"elementor-widget-container\">\n\t\t\t\t\t\t\t\t\t<p>Bei unserer M\u00fcllsammelaktion hatten wir gute Laune, Spa\u00df an der Arbeit und waren froh, dass wir so viel sauber machen konnten. Laras Vater und Frau Mevissen haben uns begleitet und geholfen, den M\u00fcll aufzuheben und zur Schule zur\u00fcck zu tragen.<\/p><p>Kurz bevor wir wieder an der Schule ankamen, hat uns eine \u00e4ltere Dame sehr gelobt und sich gefreut, dass wir so flei\u00dfig waren. Zur Belohnung hat sie uns 20 Euro f\u00fcr unsere Klassenkasse geschenkt.<\/p>\t\t\t\t\t\t\t\t<\/div>\n\t\t\t\t<\/div>\n\t\t\t\t\t<\/div>\n\t\t<\/div>\n\t\t\t\t\t<\/div>\n\t\t<\/section>\n\t\t\t\t<section class=\"elementor-section elementor-top-section elementor-element elementor-element-ab7a687 elementor-section-boxed elementor-section-height-default elementor-section-height-default\" data-id=\"ab7a687\" data-element_type=\"section\" data-e-type=\"section\">\n\t\t\t\t\t\t<div class=\"elementor-container elementor-column-gap-default\">\n\t\t\t\t\t<div class=\"elementor-column elementor-col-100 elementor-top-column elementor-element elementor-element-9f2ee8d\" data-id=\"9f2ee8d\" data-element_type=\"column\" data-e-type=\"column\">\n\t\t\t<div class=\"elementor-widget-wrap elementor-element-populated\">\n\t\t\t\t\t\t<div class=\"elementor-element elementor-element-2bc88d8 elementor-widget elementor-widget-image\" data-id=\"2bc88d8\" data-element_type=\"widget\" data-e-type=\"widget\" data-widget_type=\"image.default\">\n\t\t\t\t<div class=\"elementor-widget-container\">\n\t\t\t\t\t\t\t\t\t\t\t\t\t\t\t<img loading=\"lazy\" decoding=\"async\" width=\"768\" height=\"644\" src=\"https:\/\/xn--krnerschule-rfb.de\/wp-content\/uploads\/2022\/05\/Bild-7-scaled-e1654028947168-768x644.jpg\" class=\"attachment-medium_large size-medium_large wp-image-1401\" alt=\"\" \/>\t\t\t\t\t\t\t\t\t\t\t\t\t\t\t<\/div>\n\t\t\t\t<\/div>\n\t\t\t\t\t<\/div>\n\t\t<\/div>\n\t\t\t\t\t<\/div>\n\t\t<\/section>\n\t\t\t\t<section class=\"elementor-section elementor-top-section elementor-element elementor-element-6237739 elementor-section-boxed elementor-section-height-default elementor-section-height-default\" data-id=\"6237739\" data-element_type=\"section\" data-e-type=\"section\">\n\t\t\t\t\t\t<div class=\"elementor-container elementor-column-gap-default\">\n\t\t\t\t\t<div class=\"elementor-column elementor-col-100 elementor-top-column elementor-element elementor-element-8dc63c8\" data-id=\"8dc63c8\" data-element_type=\"column\" data-e-type=\"column\">\n\t\t\t<div class=\"elementor-widget-wrap elementor-element-populated\">\n\t\t\t\t\t\t<div class=\"elementor-element elementor-element-c4296c5 elementor-widget elementor-widget-text-editor\" data-id=\"c4296c5\" data-element_type=\"widget\" data-e-type=\"widget\" data-widget_type=\"text-editor.default\">\n\t\t\t\t<div class=\"elementor-widget-container\">\n\t\t\t\t\t\t\t\t\t<p>Alle m\u00f6chten im n\u00e4chsten Jahr wieder an der Aktion teilnehmen. Wir hoffen aber, dass dann nicht mehr so viel M\u00fcll \u00fcberall liegt.<\/p><p>Celina und Lara<\/p>\t\t\t\t\t\t\t\t<\/div>\n\t\t\t\t<\/div>\n\t\t\t\t\t<\/div>\n\t\t<\/div>\n\t\t\t\t\t<\/div>\n\t\t<\/section>\n\t\t\t\t<\/div>\n\t\t","protected":false},"excerpt":{"rendered":"<p>Am Samstag, 30.04.2022 haben wir, Kinder aus der Klasse 4b der K\u00f6rnerschule, die Saubermachaktion der Stadt Viersen unterst\u00fctzt. Daf\u00fcr bekamen wir die ben\u00f6tigten Arbeitsmittel, Handschuhe, M\u00fclls\u00e4cke und Greifzangen. In der Umgebung unserer Schule wollten wir den M\u00fcll in der Natur, in Geb\u00fcschen, an den Stra\u00dfen und auf Wegen beseitigen. Wir wissen: M\u00fcll verschmutzt unsere Umwelt [&hellip;]<\/p>\n","protected":false},"author":3,"featured_media":0,"parent":0,"menu_order":0,"comment_status":"closed","ping_status":"closed","template":"","meta":{"footnotes":""},"class_list":["post-1393","page","type-page","status-publish","hentry"],"_links":{"self":[{"href":"https:\/\/xn--krnerschule-rfb.de\/index.php\/wp-json\/wp\/v2\/pages\/1393","targetHints":{"allow":["GET"]}}],"collection":[{"href":"https:\/\/xn--krnerschule-rfb.de\/index.php\/wp-json\/wp\/v2\/pages"}],"about":[{"href":"https:\/\/xn--krnerschule-rfb.de\/index.php\/wp-json\/wp\/v2\/types\/page"}],"author":[{"embeddable":true,"href":"https:\/\/xn--krnerschule-rfb.de\/index.php\/wp-json\/wp\/v2\/users\/3"}],"replies":[{"embeddable":true,"href":"https:\/\/xn--krnerschule-rfb.de\/index.php\/wp-json\/wp\/v2\/comments?post=1393"}],"version-history":[{"count":6,"href":"https:\/\/xn--krnerschule-rfb.de\/index.php\/wp-json\/wp\/v2\/pages\/1393\/revisions"}],"predecessor-version":[{"id":1678,"href":"https:\/\/xn--krnerschule-rfb.de\/index.php\/wp-json\/wp\/v2\/pages\/1393\/revisions\/1678"}],"wp:attachment":[{"href":"https:\/\/xn--krnerschule-rfb.de\/index.php\/wp-json\/wp\/v2\/media?parent=1393"}],"curies":[{"name":"wp","href":"https:\/\/api.w.org\/{rel}","templated":true}]}}